{"id":68,"date":"2020-08-25T20:37:34","date_gmt":"2020-08-25T20:37:34","guid":{"rendered":"https:\/\/new.klinik.is\/?page_id=68"},"modified":"2022-03-09T20:43:33","modified_gmt":"2022-03-09T20:43:33","slug":"forsida","status":"publish","type":"page","link":"https:\/\/klinik.is\/","title":{"rendered":"Fors\u00ed\u00f0a"},"content":{"rendered":"\n<p>Kl\u00ednik Sj\u00fakra\u00fej\u00e1lfun s\u00e9rh\u00e6fir sig \u00ed greiningu og me\u00f0h\u00f6ndlun sto\u00f0kerfiseinkenna \u00fear sem unni\u00f0 er eftir&nbsp;<strong>Manual Therapy<\/strong>&nbsp;a\u00f0fer\u00f0um sem hafa vi\u00f0urkenndan og fr\u00e6\u00f0ilegan bakgrunn (e. evidence based). L\u00f6g\u00f0 er \u00e1hersla \u00e1 <strong>heildr\u00e6na sto\u00f0kerfisme\u00f0fer\u00f0<\/strong>.<\/p>\n\n\n\n<p><strong>Sj\u00fakra\u00fej\u00e1lfun Klinik<\/strong>&nbsp;er sta\u00f0sett \u00ed <a href=\"https:\/\/ja.is\/klinik-sjukrathjalfun-kopavogur\/\">B\u00e6jarlind 14-16<\/a>, 201 K\u00f3pavogi.<\/p>\n\n\n\n<p><strong>Opnunart\u00edmi:<\/strong>&nbsp;M\u00e1n-fim. fr\u00e1 kl. 08:00-17:00.&nbsp;&nbsp; F\u00f6st.08:00-16:00<\/p>\n\n\n\n<p><strong>T\u00edmapantanir:<\/strong>&nbsp;Beinn s\u00edmi 445 4404 e\u00f0a senda t\u00f6lvup\u00f3st \u00e1 mottaka@klinik.is<\/p>\n\n\n\n<p>Allar n\u00fdjustu uppl\u00fdsingar um Kl\u00ednik Sj\u00fakra\u00fej\u00e1lfun eru \u00e1\u00a0<a href=\"https:\/\/www.facebook.com\/kliniksjukrathjalfun\/\">Facebook<\/a> og <a href=\"https:\/\/www.instagram.com\/klinikmanualtherapy\/\">Instagram<\/a>.<\/p>\n","protected":false},"excerpt":{"rendered":"<p>Kl\u00ednik Sj\u00fakra\u00fej\u00e1lfun s\u00e9rh\u00e6fir sig \u00ed greiningu og me\u00f0h\u00f6ndlun sto\u00f0kerfiseinkenna \u00fear sem unni\u00f0 er eftir&nbsp;Manual Therapy&nbsp;a\u00f0fer\u00f0um sem hafa vi\u00f0urkenndan og fr\u00e6\u00f0ilegan bakgrunn (e. evidence based). L\u00f6g\u00f0 er \u00e1hersla \u00e1 heildr\u00e6na sto\u00f0kerfisme\u00f0fer\u00f0. Sj\u00fakra\u00fej\u00e1lfun Klinik&nbsp;er sta\u00f0sett \u00ed B\u00e6jarlind 14-16, 201 K\u00f3pavogi. Opnunart\u00edmi:&nbsp;M\u00e1n-fim. fr\u00e1 kl. 08:00-17:00.&nbsp;&nbsp; F\u00f6st.08:00-16:00 T\u00edmapantanir:&nbsp;Beinn s\u00edmi 445 4404 e\u00f0a senda t\u00f6lvup\u00f3st \u00e1 mottaka@klinik.is Allar n\u00fdjustu uppl\u00fdsingar &#8230; <a title=\"Fors\u00ed\u00f0a\" class=\"read-more\" href=\"https:\/\/klinik.is\/\" aria-label=\"More on Fors\u00ed\u00f0a\">Read more<\/a><\/p>\n","protected":false},"author":1,"featured_media":0,"parent":0,"menu_order":0,"comment_status":"closed","ping_status":"closed","template":"","meta":[],"_links":{"self":[{"href":"https:\/\/klinik.is\/index.php\/wp-json\/wp\/v2\/pages\/68"}],"collection":[{"href":"https:\/\/klinik.is\/index.php\/wp-json\/wp\/v2\/pages"}],"about":[{"href":"https:\/\/klinik.is\/index.php\/wp-json\/wp\/v2\/types\/page"}],"author":[{"embeddable":true,"href":"https:\/\/klinik.is\/index.php\/wp-json\/wp\/v2\/users\/1"}],"replies":[{"embeddable":true,"href":"https:\/\/klinik.is\/index.php\/wp-json\/wp\/v2\/comments?post=68"}],"version-history":[{"count":8,"href":"https:\/\/klinik.is\/index.php\/wp-json\/wp\/v2\/pages\/68\/revisions"}],"predecessor-version":[{"id":175,"href":"https:\/\/klinik.is\/index.php\/wp-json\/wp\/v2\/pages\/68\/revisions\/175"}],"wp:attachment":[{"href":"https:\/\/klinik.is\/index.php\/wp-json\/wp\/v2\/media?parent=68"}],"curies":[{"name":"wp","href":"https:\/\/api.w.org\/{rel}","templated":true}]}}

Forsíða

<p>Klínik Sjúkraþjálfun sérhæfir sig í greiningu og meðhöndlun stoðkerfiseinkenna þar sem unnið er eftir&nbsp;<strong>Manual Therapy</strong>&nbsp;aðferðum sem hafa viðurkenndan og fræðilegan bakgrunn (e. evidence based). Lögð er áhersla á <strong>heildræna stoðkerfismeðferð</strong>.</p>



<p><strong>Sjúkraþjálfun Klinik</strong>&nbsp;er staðsett í <a href="https://ja.is/klinik-sjukrathjalfun-kopavogur/">Bæjarlind 14-16</a>, 201 Kópavogi.</p>



<p><strong>Opnunartími:</strong>&nbsp;Mán-fim. frá kl. 08:00-17:00.&nbsp;&nbsp; Föst.08:00-16:00</p>



<p><strong>Tímapantanir:</strong>&nbsp;Beinn sími 445 4404 eða senda tölvupóst á mottaka@klinik.is</p>



<p>Allar nýjustu upplýsingar um Klínik Sjúkraþjálfun eru á <a href="https://www.facebook.com/kliniksjukrathjalfun/">Facebook</a> og <a href="https://www.instagram.com/klinikmanualtherapy/">Instagram</a>.</p>

<p>Klínik Sjúkraþjálfun sérhæfir sig í greiningu og meðhöndlun stoðkerfiseinkenna þar sem unnið er eftir&nbsp;Manual Therapy&nbsp;aðferðum sem hafa viðurkenndan og fræðilegan bakgrunn (e. evidence based). Lögð er áhersla á heildræna stoðkerfismeðferð. Sjúkraþjálfun Klinik&nbsp;er staðsett í Bæjarlind 14-16, 201 Kópavogi. Opnunartími:&nbsp;Mán-fim. frá kl. 08:00-17:00.&nbsp;&nbsp; Föst.08:00-16:00 Tímapantanir:&nbsp;Beinn sími 445 4404 eða senda tölvupóst á mottaka@klinik.is Allar nýjustu upplýsingar &#8230; <a title="Forsíða" class="read-more" href="https://klinik.is/" aria-label="More on Forsíða">Read more</a></p>
